of 1868?
False
Is 161 a multiple of 14?
False
Does 44 divide 880?
True
Does 11 divide 5360?
False
Is 10 a factor of 32590?
True
Is 26 a factor of 69?
False
Is 865 a multiple of 31?
False
Is 36 a factor of 463?
False
Is 167 a factor of 74870?
False
Is 14 a factor of 5068?
True
Does 17 divide 102?
True
Is 59414 a multiple of 47?
False
Is 10 a factor of 1540?
True
Is 12 a factor of 252?
True
Does 76 divide 3040?
True
Is 211 a factor of 267?
False
Does 35 divide 1221?
False
Does 12 divide 338?
False
Is 8358 a multiple of 21?
True
Does 61 divide 366?
True
Is 3 a factor of 1785?
True
Does 20 divide 8911?
False
Does 78 divide 624?
True
Does 14 divide 403?
False
Does 18 divide 122377?
False
Is 75 a factor of 5741?
False
Is 1423 a multiple of 55?
False
Is 3680 a multiple of 10?
True
Does 20 divide 6947?
False
Does 37 divide 56573?
True
Does 173 divide 13595?
False
Is 18 a factor of 770?
False
Is 17935 a multiple of 122?
False
Does 16 divide 5568?
True
Is 6 a factor of 1911?
False
Is 23 a factor of 1196?
True
Is 65472 a multiple of 93?
True
Is 16 a factor of 12128?
True
Is 22 a factor of 3322?
True
Does 113 divide 10848?
True
Does 12 divide 948?
True
Is 816 a multiple of 17?
True
Does 35 divide 1045?
False
Is 520 a multiple of 65?
True
Is 7757 a multiple of 154?
False
Does 175 divide 61804?
False
Does 46 divide 12512?
True
Does 79 divide 987?
False
Does 22 divide 22?
True
Does 6 divide 6253?
False
Is 17373 a multiple of 38?
False
Is 24 a factor of 11265?
False
Does 60 divide 5457?
False
Does 65 divide 8855?
False
Does 6 divide 752?
False
Does 26 divide 1537?
False
Does 72 divide 28832?
False
Is 4299 a multiple of 46?
False
Does 84 divide 965?
False
Is 566 a multiple of 15?
False
Is 22704 a multiple of 113?
False
Is 1685 a multiple of 20?
False
Is 7200 a multiple of 96?
True
Does 4 divide 256?
True
Is 4020 a multiple of 20?
True
Is 35 a factor of 2065?
True
Is 161 a multiple of 19?
False
Is 82 a factor of 22632?
True
Is 15 a factor of 837?
False
Is 192 a factor of 57408?
True
Does 71 divide 438?
False
Is 9654 a multiple of 19?
False
Is 34 a factor of 10166?
True
Is 4235 even?
False
Does 39 divide 1022?
False
Is 8 a factor of 32?
True
Is 68 a factor of 13849?
False
Does 15 divide 805?
False
Does 241 divide 83085?
False
Is 156 a multiple of 52?
True
Does 32 divide 775?
False
Does 20 divide 438?
False
Is 8 a factor of 3687?
False
Is 11690 a multiple of 23?
False
Is 17 a factor of 1173?
True
Does 38 divide 13830?
False
Is 355 a multiple of 13?
False
Is 48414 a multiple of 12?
False
Does 128 divide 18560?
True
Is 21 a factor of 630?
True
Does 22 divide 1371?
False
Is 21 a factor of 12283?
False
Does 12 divide 3196?
False
Is 1839 a multiple of 66?
False
Is 82 a factor of 3253?
False
Is 6 a factor of 110?
False
Is 54 a factor of 8208?
True
Is 4519 a multiple of 114?
False
Is 1006 a multiple of 139?
False
Is 2 a factor of 17984?
True
Does 48 divide 1892?
False
Does 183 divide 9516?
True
Is 50 a multiple of 20?
False
Is 168 a factor of 12130?
False
Does 32 divide 34461?
False
Is 12125 a multiple of 97?
True
Does 25 divide 50?
True
Is 2096 a multiple of 37?
False
Is 10 a factor of 296?
False
Is 33 a factor of 1254?
True
Does 74 divide 1654?
False
Is 75 a multiple of 7?
False
Is 3483 a multiple of 43?
True
Does 8 divide 35390?
False
Is 5418 a multiple of 9?
True
Is 12 a factor of 37294?
False
Is 46 a factor of 457?
False
Does 54 divide 1026?
True
Is 12 a factor of 504?
True
Is 44 a factor of 1936?
True
Is 14 a factor of 11914?
True
Is 436 a multiple of 5?
False
Does 4 divide 152?
True
Is 19733 a multiple of 49?
False
Does 25 divide 29825?
True
Is 96 a factor of 104352?
True
Is 750 a multiple of 50?
True
Does 13 divide 950?
False
Is 25 a factor of 11750?
True
Does 53 divide 28620?
True
Is 24559 a multiple of 252?
False
Does 25 divide 14535?
False
Is 73 a factor of 1825?
True
Does 75 divide 32018?
False
Does 41 divide 9773?
False
Is 13 a factor of 2444?
True
Is 4090 a multiple of 70?
False
Is 4 a factor of 6480?
True
Does 14 divide 19726?
True
Is 1000 a multiple of 4?
True
Is 5304 a multiple of 12?
True
Does 63 divide 17388?
True
Is 40 a factor of 4560?
True
Does 31 divide 4247?
True
Is 56 a multiple of 7?
True
Is 5824 a multiple of 14?
True
Is 715 a multiple of 8?
False
Is 5656 a multiple of 4?
True
Does 18 divide 1638?
True
Does 4 divide 72?
True
Does 21 divide 1807?
False
Is 698 a multiple of 4?
False
Is 306 a multiple of 9?
True
Is 29 a factor of 773?
False
Is 205 a factor of 71545?
True
Is 4 a factor of 16736?
True
Is 28 a factor of 1008?
True
Does 19 divide 123664?
False
Is 13 a factor of 47944?
True
Is 901 a multiple of 20?
False
Is 120 a multiple of 8?
True
Is 6536 a multiple of 86?
True
Is 8176 a multiple of 14?
True
Is 78120 a multiple of 105?
True
Does 12 divide 9460?
False
Is 28 a factor of 24472?
True
Does 10 divide 980?
True
Does 27 divide 51948?
True
Is 528 a multiple of 66?
True
Is 18 a factor of 263?
False
Is 9976 a multiple of 57?
False
Is 4 a factor of 2329?
False
Is 8 a factor of 1772?
False
Is 946 a multiple of 11?
True
Is 2000 a multiple of 80?
True
Is 2200 a multiple of 22?
True
Is 27529 a multiple of 52?
False
Does 82 divide 21246?
False
Does 21 divide 3744?
False
Is 25191 a multiple of 61?
False
Is 1350 a multiple of 54?
True
Is 273 a multiple of 21?
True
Does 17 divide 213?
False
Is 13 a factor of 4719?
True
Is 88 a factor of 1611?
False
Is 4489 a multiple of 58?
False
Is 18 a factor of 86?
False
Is 149 a multiple of 8?
False
Is 3 a factor of 20?
False
Is 200 a multiple of 39?
False
Is 69 a factor of 508?
False
Is 20 a factor of 840?
True
Is 2 a factor of 2589?
False
Does 14 divide 721?
False
Is 6970 a multiple of 205?
True
Is 3005 a multiple of 3?
False
Is 206 a factor of 33975?
False
Is 4980 a multiple of 10?
True
Is 6 a factor of 1108?
False
Is 2043 a multiple of 10?
False
Is 14420 a multiple of 212?
False
Is 18 a factor of 76?
False
Does 4 divide 53?
False
Is 1541 a multiple of 116?
False
Does 120 divide 6076?
False
Is 4 a factor of 554?
False
Does 70 divide 2380?
True
Is 77 a factor of 1054?
False
Is 9703 a multiple of 4?
False
Is 91 a factor of 9632?
False
Is 4041 a multiple of 161?
False
Is 230 a multiple of 2?
True
Does 14 divide 9475?
False
Is 380 a multiple of 13?
False
Is 50794 a multiple of 30?
False
Is 14040 a multiple of 135?
True
Does 178 divide 22727?
False
Is 576 a multiple of 16?
True
Is 9834 a multiple of 33?
True
Does 11 divide 6952?
True
Is 232 a multiple of 3?
False
Does 3 divide 1282?
False
Is 5487 a multiple of 34?
False
Is 150 a multiple of 17?
False
Is 277 a factor of 97504?
True
Is 448 even?
True
Is 11 a factor of 4169?
True
Does 85 divide 11771?
False
Does 77 divide 32263?
True
Does 37 divide 2664?
True
Does 20 divide 2036?
False
Does 62 divide 1956?
False
Is 10 a factor of 750?
True
Is 620 a multiple of 2?
True
Is 3564 a multiple of 33?
True
Does 18 divide 72?
True
Is 108 a factor of 11664?
True
Does 12 divide 144?
True
Does 5 divide 112?
False
Is 104 a factor of 3883?
False
Does 14 divide 10683?
False
Is 94962 a multiple of 357?
True
Is 242 a factor of 52907?
False
Is 26 a factor of 24336?
True
Is 2 a factor of 176?
True
Is 5 a factor of 210?
True
Is 56 a multiple of 7?
True
Does 37 divide 30040?
False
Does 32 divide 30144?
True
Is 1296 a multiple of 9?
True
Is 184 a multiple of 6?
False
Is 268 a multiple of 4?
True
Is 50 a factor of 48600?
True
Is 56 a factor of 131992?
True
Is 259 a factor of 4341?
False
Is 4994 a multiple of 6?
False
Is 805 a multiple of 6?
False
Is 852 a multiple of 71?
True
Does 46 divide 80245?
False
Is 359 a multiple of 43?
False
Is 3312 a multiple of 69?
True
Does 16 divide 7152?
True
Does 23 divide 9752?
True
Is 26 a factor of 12844?
True
Does 10 divide 9260?
True
Does 5 divide 33?
False
Is 79 a factor of 46752?
False
Does 71 divide 7935?
False
Is 73 a factor of 2993?
True
Is 932 a multiple of 81?
False
Does 7 divide 2252?
False
Does 12 divide 60077?
False
Does 9 divide 551?
False
Does 19 divide 506?
False
Is 13 a factor of 780?
True
Is 94 a factor of 8133?
False
Is 2010 a multiple of 3?
True
Is 10416 a multiple of 22?
False
Does 150 divide 74700?
True
Does 13 divide 6590?
False
Is 120 a factor of 2697?
False
Does 54 divide 2555?
False
Does 11 divide 943?
False
Is 92 a multiple of 